 the remainder when 342993 is divided by 969.
936
Calculate the remainder when 30018650 is divided by 1612.
1598
What is the remainder when 675637 is divided by 56297?
73
Calculate the remainder when 110782411 is divided by 33.
25
Calculate the remainder when 6045419 is divided by 2015137.
8
What is the remainder when 2858676 is divided by 101?
73
Calculate the remainder when 17192285 is divided by 2152.
2109
Calculate the remainder when 98104 is divided by 49031.
42
Calculate the remainder when 229183 is divided by 5322.
337
What is the remainder when 1031606 is divided by 206306?
76
Calculate the remainder when 18561 is divided by 4411.
917
What is the remainder when 2997313 is divided by 106?
57
What is the remainder when 479622 is divided by 1719?
21
Calculate the remainder when 5000030 is divided by 151499.
563
Calculate the remainder when 578450661 is divided by 1206.
1203
Calculate the remainder when 1009192 is divided by 25.
17
What is the remainder when 11583 is divided by 237?
207
What is the remainder when 13069213 is divided by 1660?
33
Calculate the remainder when 44533 is divided by 333.
244
Calculate the remainder when 5725928 is divided by 14496.
8
Calculate the remainder when 136268 is divided by 14720.
3788
What is the remainder when 6919194 is divided by 159?
150
What is the remainder when 4353032 is divided by 334?
10
Calculate the remainder when 109516 is divided by 109333.
183
Calculate the remainder when 26474434 is divided by 180098.
28
What is the remainder when 999017 is divided by 49932?
377
What is the remainder when 19356845 is divided by 1932?
137
What is the remainder when 176583374 is divided by 3375?
3374
What is the remainder when 2464851 is divided by 56?
11
What is the remainder when 11429078 is divided by 52?
50
Calculate the remainder when 30558 is divided by 9930.
768
Calculate the remainder when 16698991 is divided by 122.
119
What is the remainder when 42682197 is divided by 14227396?
9
What is the remainder when 1130060 is divided by 705?
650
What is the remainder when 3729785 is divided by 4342?
7
Calculate the remainder when 1326630 is divided by 2581.
2577
What is the remainder when 255122 is divided by 4115?
4107
Calculate the remainder when 1550402 is divided by 1292.
2
What is the remainder when 38659075 is divided by 370?
365
Calculate the remainder when 100805 is divided by 11468.
9061
What is the remainder when 25240856 is divided by 36?
32
Calculate the remainder when 11210242 is divided by 2242047.
7
What is the remainder when 239798 is divided by 1493?
918
What is the remainder when 104305 is divided by 26060?
65
What is the remainder when 5437806 is divided by 315?
276
Calculate the remainder when 224046908 is divided by 3918.
3914
What is the remainder when 276544 is divided by 90914?
3802
What is the remainder when 59628245 is divided by 19876069?
38
What is the remainder when 116094 is divided by 38673?
75
Calculate the remainder when 34037077 is divided by 69.
67
What is the remainder when 276125 is divided by 92040?
5
What is the remainder when 11165715 is divided by 2781?
0
What is the remainder when 1615585 is divided by 70234?
203
What is the remainder when 459582 is divided by 459188?
394
Calculate the remainder when 150695024 is divided by 25.
24
What is the remainder when 371239506 is divided by 613619?
11
Calculate the remainder when 332650820 is divided by 2974.
2972
What is the remainder when 315067 is divided by 6169?
448
What is the remainder when 332563 is divided by 8?
3
What is the remainder when 95608102 is divided by 346?
344
Calculate the remainder when 82893593 is divided by 27631192.
17
What is the remainder when 6295549 is divided by 1789?
58
What is the remainder when 229897 is divided by 114835?
227
Calculate the remainder when 1833280 is divided by 35.
15
What is the remainder when 15875587 is divided by 15875580?
7
Calculate the remainder when 2463906 is divided by 66592.
2
Calculate the remainder when 21884 is divided by 755.
744
Calculate the remainder when 1498731 is divided by 332.
83
Calculate the remainder when 12537227 is divided by 174128.
11
Calculate the remainder when 222667 is divided by 24305.
3922
What is the remainder when 238088547 is divided by 3675?
3672
What is the remainder when 355741 is divided by 57?
4
What is the remainder when 163973777 is divided by 1044?
5
Calculate the remainder when 31664854 is divided by 7946.
44
What is the remainder when 13920375 is divided by 1349?
44
Calculate the remainder when 317979 is divided by 105878.
345
Calculate the remainder when 59392 is divided by 553.
221
Calculate the remainder when 13863273 is divided by 69.
0
What is the remainder when 908949 is divided by 13150?
1599
Calculate the remainder when 92455558 is divided by 1015995.
13
Calculate the remainder when 1764868123 is divided by 25.
23
Calculate the remainder when 213735 is divided by 213002.
733
What is the remainder when 10906 is divided by 990?
16
Calculate the remainder when 992599 is divided by 28.
27
What is the remainder when 24324 is divided by 1344?
132
Calculate the remainder when 1296288 is divided by 1854.
342
Calculate the remainder when 49684 is divided by 525.
334
What is the remainder when 305320 is divided by 1202?
12
Calculate the remainder when 3176262 is divided by 662.
648
What is the remainder when 383378197 is divided by 1207?
1201
Calculate the remainder when 10699057 is divided by 1097.
16
What is the remainder when 5698545 is divided by 1430?
1425
What is the remainder when 54579 is divided by 3694?
2863
Calculate the remainder when 53519 is divided by 1804.
1203
Calculate the remainder when 378575 is divided by 4734.
4589
Calculate the remainder when 43164 is divided by 2241.
585
What is the remainder when 568890 is divided by 26999?
1911
What is the remainder when 1243203 is divided by 1243176?
27
What is the remainder when 77166268 is divided by 3856?
3852
What is the remainder when 6270534 is divided by 556?
522
Calculate the remainder when 105439171 is divided by 237.
4
Calculate the remainder when 41600657 is divided by 10400162.
9
Calculate the remainder when 15596527 is divided by 26.
11
Calculate the remainder when 293695 is divided by 93.
1
Calculate the remainder when 1190787 is divided by 796.
767
Calculate the remainder when 6825837 is divided by 3.
0
What is the remainder when 17425390 is divided by 4?
2
What is the remainder when 7306940 is divided by 323?
34
What is the remainder when 52882 is divided by 464?
450
Calculate the remainder when 8092766 is divided by 7.
3
Calculate the remainder when 20562432 is divided by 25607.
11
What is the remainder when 1184163 is divided by 169166?
1
Calculate the remainder when 1514487 is divided by 1065.
57
Calculate the remainder when 20533927 is divided by 1026695.
27
Calculate the remainder when 532493 is divided by 3858.
89
What is the remainder when 73113286 is divided by 124?
34
Calculate the remainder when 99732798 is divided by 24.
6
Calculate the remainder when 929673 is divided by 2967.
1002
Calculate the remainder when 2920247 is divided by 146012.
7
What is the remainder when 20411 is divided by 6731?
218
What is the remainder when 17183665 is divided by 1073979?
1
What is the remainder when 67933708 is divided by 318?
4
Calculate the remainder when 41514 is divided by 236.
214
What is the remainder when 73770698 is divided by 1759?
1756
Calculate the remainder when 140363 is divided by 3420.
143
Calculate the remainder when 226573 is divided by 22651.
63
Calculate the remainder when 32479837 is divided by 271.
216
What is the remainder when 452626 is divided by 28286?
50
Calculate the remainder when 150930 is divided by 88.
10
Calculate the remainder when 101460 is divided by 98.
30
What is the remainder when 207355 is divided by 3451?
295
Calculate the remainder when 457239 is divided by 261.
228
What is the remainder when 229822 is divided by 17667?
151
Calculate the remainder when 31057 is divided by 30474.
583
Calculate the remainder when 547763 is divided by 17.
6
Calculate the remainder when 2083650 is divided by 1532.
130
What is the remainder when 11081 is divided by 829?
304
Calculate the remainder when 4646655 is divided by 169.
0
Wh